ulate the remainder when p is divided by 17.
6
Suppose -1806 = 25*j - 29*j - 2*h, 14*j + 5*h - 6315 = 0. What is the remainder when j is divided by 154?
142
Let i(b) = -2*b**3 - 46*b**2 + 9*b - 111. Calculate the remainder when i(-24) is divided by 294.
237
Suppose 0 = -2*r + 2*p + 420, 2*p = -5*r + 1502 - 445. Calculate the remainder when 4008 is divided by r.
210
Calculate the remainder when 17/((-510)/75)*14656/(-40) is divided by 21.
13
Suppose 22*m + 42*m + 2344 = 36008. Calculate the remainder when m is divided by 20.
6
Let h(y) = y**2 + 103*y + 2631. Suppose -3*w + w = -2*u - 76, 3*w - 120 = u. Suppose 217 = 2*s + w. Calculate the remainder when s is divided by h(-46).
7
Let i(k) = k**3 - 32*k**2 + 31*k + 15. Let v be i(31). What is the remainder when 306/v - (2 - 13/5) is divided by 8?
5
Let l = 1572 - 1569. Calculate the remainder when 134 is divided by l.
2
Let z(u) be the first derivative of u**4/4 - 8*u**3/3 - 2*u**2 + 138. Let y(s) = s + 14. Calculate the remainder when z(9) is divided by y(-6).
5
Let l = -8 + -27. Let f be (-715)/l - 3/7. Calculate the remainder when -34*(3 - f/5) is divided by 13.
8
What is the remainder when 865 is divided by 28 - (143/13 - (-6 + 19))?
25
Suppose 5*p = -15, 5*u - 3*u - 3*p = 59. Calculate the remainder when 462 is divided by u.
12
Suppose -2*l - 10*z + 6*z = -222, 2*l = 4*z + 230. What is the remainder when l is divided by 95?
18
What is the remainder when ((-825)/(-22))/(-25)*-36 is divided by (-652)/(-18) - (-16)/(-72)?
18
Suppose 780 = -497*u + 549*u. What is the remainder when 190 is divided by u?
10
Suppose 0 = 15*u - 19*u + 540. Suppose u = 2*l - 193. Calculate the remainder when l is divided by 56.
52
Suppose -d + 149 = -332*r + 336*r, -r = -4*d - 50. Calculate the remainder when r is divided by 14.
10
Let z = 14304 + -14119. What is the remainder when 351 is divided by z?
166
Let z = 129 - 124. Suppose 2*b + 4*r = 74, z*b + 49 = 4*r + 262. What is the remainder when b is divided by 23?
18
Suppose 4*p = 65 - 9. Suppose 380 = 4*s - 0*s. Let n = 120 - s. What is the remainder when n is divided by p?
11
Let x = 48 + 105. What is the remainder when x is divided by (-566)/(-22) - 2460/(-9020)?
23
Let v(a) = -18*a + 320. Let y be ((-3)/(-6))/(1/4). Suppose 136 = y*t - u, 5*t - 2*u + u = 343. What is the remainder when t is divided by v(17)?
13
Let o(j) be the third derivative of j**6/120 + 7*j**5/60 + j**4/12 - 4*j**3/3 + 2*j**2 + 3*j. Calculate the remainder when 38 is divided by o(-6).
6
Suppose 6*i = m - 772, -28*m + 805 = -27*m + 5*i. What is the remainder when m is divided by 36?
34
Suppose 2*u = -4*i + 2*i + 20, -39 = -4*u - 5*i. Suppose -148*d + 265574 - 253734 = 37*d. What is the remainder when d is divided by u?
9
Let n = 5010 - 4801. What is the remainder when 630 is divided by n?
3
Suppose -3*y + 4*u = -2872, -4*y = -y + 4*u - 2864. Calculate the remainder when y is divided by 120.
116
Let h = -4 - -15. Suppose 0 = l + 1, 5*c - l - h = 0. What is the remainder when (-38 + 1 + c)/(-1) is divided by 9?
8
Let v = 62 + -43. Suppose -2564 = -3*j - 26*j + 75. What is the remainder when j is divided by v?
15
Let q(n) = -n**3 - 19*n**2 + 21*n + 35. What is the remainder when (-628*3/(-12))/(1/2) is divided by q(-20)?
14
Suppose 4*d - 113 = 3*t + 109, -t = 4*d - 214. Calculate the remainder when 8 + (-2 - -201) + -2 + 5 is divided by d.
48
Suppose 37*y = 32*y - 15. What is the remainder when 125 is divided by (3080/(-105))/(2/y)?
37
Suppose 115 = -8*b - 517. Let v = b - -80. What is the remainder when 98 is divided by 3/(-6)*v/((-2)/36)?
8
Let q = -2750 + 2793. Calculate the remainder when 152 is divided by q.
23
Let n be (0 + -6)*(10 + (-186)/18). Suppose -2*u - n*q = -3*u + 4, 0 = -4*u - 2*q + 46. What is the remainder when u is divided by 5?
0
Suppose 0 = -o + z + 16 - 9, 0 = o + 3*z + 13. Suppose -i + 2*l - 9 = -17, i - o = 4*l. Suppose -3*g - 46 = -211. What is the remainder when g is divided by i?
13
Let l = -3531 + 3598. What is the remainder when 144 is divided by l?
10
Let d(n) = 2*n**2 + 16*n - 251. Let a be -7 + -9 - (-4)/(12/(-15)). Calculate the remainder when d(a) is divided by 11.
9
Let j = -285 - -465. Suppose h + 145 = 4*w + 1, -5*h - j = -5*w. What is the remainder when 249 is divided by w?
33
Let v(y) = 4*y**2. Let x be v(-1). Let i = -167 - -189. Suppose i = 5*t - x*l - 31, 2 = -l. What is the remainder when 24 is divided by t?
6
Let p(r) = -r**3 + 9*r**2 - 5*r - 11. Suppose -4*d = -0*d - 32. Calculate the remainder when 219 is divided by p(d).
11
What is the remainder when 202 is divided by (390/45 + -6)*(14 - 2)?
10
Let f be -4 + 0*1/2. Let i = 17 + f. Let x = -164886 - -164935. Calculate the remainder when x is divided by i.
10
Suppose 2*t + 18 = -t, 3*x - 4*t = 57. What is the remainder when 559 is divided by x?
9
Let z be (-12888)/(-120) - 9/(-15). Let g = -59 + z. What is the remainder when 192 is divided by g?
45
Suppose -5*b - 77 = -t - 9, 118 = 2*t - 4*b. Suppose 19 = a - 3*m, 0 = a - 4*m - 5 - 14. Calculate the remainder when t is divided by a.
15
Let f = -5274 - -6406. What is the remainder when f is divided by 93?
16
Let o = -7260 + 7286. Calculate the remainder when 610 is divided by o.
12
Let j = -34 - -384. Let h = 3102 + -3043. What is the remainder when j is divided by h?
55
Suppose -141 = -3*p - 3*o, 0 = 2*p + 5*o - 29 - 83. Calculate the remainder when 81 is divided by p.
40
Let g(x) = 2*x**2 - 13*x - 5. Let c be g(-5). Let j = 120 - c. Suppose 95 + 248 = 7*o. What is the remainder when o is divided by j?
9
Let u be (19/(-95))/((-2)/20). Suppose -m + u*d + 1 = 0, -2*d = -4*m + 2*d. What is the remainder when (m + 0)/((-10)/790) is divided by 8?
7
Suppose 5*s = 2*c + 4*s - 826, 4*c - 1658 = 5*s. Suppose c = -3*p + 841. Let t = 98 - 50. What is the remainder when p is divided by t?
47
Let l(g) = -g**2 - 12*g - 34. Let v be l(-6). Suppose -y = -b + 5, -3*b + 0*b + 5 = v*y. Let u(k) = -31*k + 8. What is the remainder when u(y) is divided by 24?
22
Let r be 13 + (1*-6)/2 + -2. Suppose -r*n = -245 + 13. Calculate the remainder when n is divided by 14.
1
Suppose 1950*k - 1971*k + 1092 = 0. Let u(g) = 13*g + 21. Let i(q) = -7*q - 11. Let v(c) = -7*i(c) - 4*u(c). Calculate the remainder when k is divided by v(-6).
8
Let r = -7 - 19. Let a(u) = -u - 9. Calculate the remainder when 65 is divided by a(r).
14
Suppose -x + 138 = r, 4*x + 5*r - 138 = 419. What is the remainder when x is divided by 111?
22
What is the remainder when 521 is divided by 1440/(-112)*(-35)/15?
11
Suppose -5*d + 845 = 2*j + 790, -4*d - j + 44 = 0. What is the remainder when 2967 is divided by d?
8
Suppose 4*t = -4*n + 436, -2*t - n + 236 = -5*n. Let q = -1 + t. What is the remainder when q is divided by 57/(-1)*(-6 - 48/(-9))?
35
Let o(h) = 126*h + 2. Suppose -7*a + 6 = -5*a. Let b be o(a). Suppose b = -12*d + 16*d. What is the remainder when d is divided by 8?
7
What is the remainder when 550 is divided by (7 - 11)/((1/(-35))/(32/80))?
46
Suppose 519*l - 534*l = -2505. What is the remainder when l is divided by 11?
2
Let f = 373 + -567. Let x = f - -200. What is the remainder when 121 is divided by x?
1
Let t(k) = -k**2 + k + 201. Let b be t(0). Let q = 381 - 487. Let d = b + q. Calculate the remainder when d is divided by 32.
31
Suppose 394 = 33*u - 2114. What is the remainder when 292 is divided by u?
64
Let m = -3 - -17. Let u(q) = 3*q**2 + 9*q + 12. Calculate the remainder when u(-4) is divided by m.
10
Let n(j) = -j**2 + 151*j - 754. What is the remainder when n(144) is divided by 76?
26
Let w(v) = -7*v - 19. Let r be w(-4). Let m(s) = s + 5*s + r - 2*s - 10. What is the remainder when 179 is divided by m(4)?
14
Suppose -4*y = 3*l - 600, 30 + 125 = y + 2*l. Let i(g) = -g**3 + 8*g**2 - 2. What is the remainder when y is divided by i(4)?
23
Suppose 12*b = 6*b - 24. What is the remainder when b*(1426/(-56) - 4/14) is divided by 26?
25
Let m = 54 + 12. What is the remainder when 215 is divided by m/363 + 260/22?
11
Suppose 0 = 8*p - 4*p - 2*s - 488, 0 = 2*p - 2*s - 242. Let w(x) = x**3 - 52*x**2 + 16*x - 3632. What is the remainder when p is divided by w(53)?
23
Let z(a) = -a**3 - 35*a**2 + a + 54. Let i be z(-35). Suppose 4*q = -i*j + 17*j + 96, -4 = 2*j. What is the remainder when q